 = -6406*p - 38445. Determine q(-6).
-9
Let k(f) = f**3 - 4*f**2 + 15*f - 40. Calculate k(3).
-4
Let v(z) = -z**3 + 20*z**2 - 36*z - 9. Give v(18).
-9
Let m(l) = 660*l + 8557. Determine m(-13).
-23
Let s(v) = -v**3 - 156*v**2 - 5966*v - 266. Calculate s(-89).
1
Let h(y) = 5*y**2 + 43*y + 11. What is h(-7)?
-45
Let w(t) = -t**2 + 32*t + 99. Give w(36).
-45
Let a(r) = 2*r**3 + 23*r**2 - 13*r + 2. Calculate a(-12).
14
Let l(r) = -12*r - 130. Calculate l(-7).
-46
Let d(l) = -6*l**2 + 73*l - 3. Calculate d(10).
127
Let f(g) = -g**3 - 45*g**2 - 254*g - 780. What is f(-39)?
0
Let f(t) = -3*t**3 - 30*t**2 - t - 22. Determine f(-10).
-12
Let l(c) = -c**2 - 25*c + 41. What is l(-29)?
-75
Let f(v) = -37*v + 3532. Determine f(93).
91
Let y(n) = 2*n**3 + 8*n**2 + 12*n - 4. What is y(-5)?
-114
Let g(s) = 91*s - 1741. What is g(19)?
-12
Let c(h) = 126*h**3 - 3*h**2 + 2*h. What is c(1)?
125
Let h(i) = 5605*i + 11217. Determine h(-2).
7
Let x(q) = q**3 + 20*q**2 + 20*q - 137. Give x(-19).
-156
Let v(u) = 202*u + 152. What is v(-2)?
-252
Let a(n) = -191*n + 17763. What is a(93)?
0
Let q(y) = -y**3 - 11*y**2 + 127*y + 24. Determine q(7).
31
Let w(g) = 23*g**2 - 4*g - 2. Give w(-2).
98
Let y(a) = 7*a**2 + 229*a - 64. What is y(-33)?
2
Let c(a) = 20*a + 136. Calculate c(-11).
-84
Let s(m) = m**2 + 63*m - 335. What is s(-68)?
5
Let n(x) = 3*x - 7. Calculate n(-2).
-13
Let z(s) = -s**3 + 16*s**2 - 239*s + 7224. Calculate z(21).
0
Let r(p) = 3*p**2 - 7*p + 11. Give r(-5).
121
Let b(q) = q**3 + 5*q**2 + 7*q + 50. Determine b(-8).
-198
Let l(z) = z**2 - 2909*z - 52659. Determine l(-18).
27
Let r(o) = -24*o**2 - 1369*o - 56. What is r(-57)?
1
Let i(l) = -4*l**3 + 16*l**2 - 28*l + 138. Determine i(4).
26
Let s(f) = 116*f + 568. Determine s(-5).
-12
Let a(c) = 3*c**3 - 28*c**2 - 7*c + 15. Give a(11).
543
Let o(t) = -219*t**2 - 890*t + 5. Give o(-4).
61
Let s(w) = 189*w - 29. Calculate s(2).
349
Let b(k) = 144*k**2 - 9*k - 8. What is b(-1)?
145
Let f(s) = s**2 - 35*s + 255. Give f(32).
159
Let a(g) = 4*g**2 - 11*g + 108. Calculate a(7).
227
Let w(q) = 2*q + 237. What is w(18)?
273
Let t(v) = v**3 - 12*v**2 + 28*v - 8. Give t(8).
-40
Let c(b) = 15*b + 14. What is c(-3)?
-31
Let w(s) = s**3 - 6*s**2 + 3*s - 67. Give w(7).
3
Let h(j) = -j**3 + 88*j**2 - 89*j + 164. Determine h(87).
-10
Let r(u) = u**3 + 63*u**2 + u + 56. What is r(-63)?
-7
Let x(f) = -2*f**2 - 25*f + 17. What is x(6)?
-205
Let t(g) = -967*g + 40599. What is t(42)?
-15
Let w(v) = 4*v - 151. Give w(5).
-131
Let m(g) = -19*g + 3. Determine m(-20).
383
Let v(w) = -45*w + 63. Calculate v(1).
18
Let g(l) = l**3 + 9*l**2 - 153*l - 629. Determine g(-16).
27
Let h(x) = -18001*x + 144023. Determine h(8).
15
Let l(m) = 23*m - 40. What is l(-6)?
-178
Let u(k) = -77*k - 2688. Give u(-35).
7
Let w(s) = -s**3 - 6*s**2 + 204*s + 838. What is w(-4)?
-10
Let f(i) = i**3 - 6*i**2 + 12*i - 115. What is f(7)?
18
Let n(v) = 139*v - 2629. Calculate n(18).
-127
Let s(p) = 6*p**2 - 16*p - 322. What is s(-8)?
190
Let f(v) = -29*v + 3648. Calculate f(127).
-35
Let t(d) = -d**3 - 4*d**2 - 3*d - 5. What is t(0)?
-5
Let f(q) = -321*q - 1288. Give f(-4).
-4
Let o(v) = 4*v**2 - 84*v - 87. Determine o(22).
1
Let g(f) = 43*f**2 + 2578*f - 119. Give g(-60).
1
Let o(f) = -f**2 - 7*f - 46. Determine o(-5).
-36
Let c(b) = -b**2 + 87*b - 1684. Give c(29).
-2
Let p(j) = 141*j**2 + 42*j + 15. What is p(-2)?
495
Let t(i) = -i**3 - 24*i**2 + 78*i + 8. Calculate t(3).
-1
Let s(b) = -162*b - 8431. Give s(-52).
-7
Let c(r) = 18*r + 45. What is c(0)?
45
Let p(g) = -3*g**2 - 100*g + 396. Calculate p(4).
-52
Let i(u) = -15*u + 214. Calculate i(14).
4
Let f(g) = -95*g - 1236. Give f(-13).
-1
Let p(u) = u**3 + 9*u**2 + 13*u - 16. What is p(-6)?
14
Let t(x) = 109*x - 2625. What is t(24)?
-9
Let y(h) = h**2 - 9*h - 197. Calculate y(-13).
89
Let z(c) = -2*c**2 - 479*c + 4346. Calculate z(9).
-127
Let s(d) = 2671*d + 16004. What is s(-6)?
-22
Let q(d) = 2*d**2 - 72*d - 35. Determine q(37).
39
Let h(j) = -1110*j - 7755. Determine h(-7).
15
Let h(y) = 2*y**2 + 127*y + 145. Determine h(-62).
-41
Let y(c) = c**2 + 31*c - 606. What is y(13)?
-34
Let r(g) = g**2 + 18*g + 51. What is r(-8)?
-29
Let p(o) = -5*o**3 + 31*o**2 + 23*o - 5. Determine p(7).
-40
Let p(v) = 9*v**2 - 705*v - 3464. What is p(83)?
22
Let c(v) = -v**3 - 36*v**2 + 532*v + 13397. Determine c(-41).
-10
Let q(t) = -2*t**3 + 80*t**2 - 26*t + 1047. Determine q(40).
7
Let l(n) = -174*n**3 + 17*n - 16. Give l(1).
-173
Let d(p) = -30*p + 1493. Determine d(50).
-7
Let d(i) = -3600*i + 7178. What is d(2)?
-22
Let i(v) = -v**2 + 124*v + 2386. Give i(-17).
-11
Let r(q) = 52*q**2 + 14*q - 21. Calculate r(3).
489
Let f(i) = 3*i**3 + 106*i**2 + 124*i - 397. Calculate f(-34).
11
Let l(p) = -365*p + 763. Determine l(2).
33
Let f(q) = 9*q**2 + 43*q - 79. Calculate f(2).
43
Let f(i) = -4*i**3 + 192*i**2 - 4*i + 77. Give f(48).
-115
Let q(l) = -l**2 - 7*l + 161. What is q(11)?
-37
Let y(z) = 8127*z + 24382. Determine y(-3).
1
Let b(z) = -z**2 + 36*z - 250. Calculate b(26).
10
Let m(w) = -3*w**3 - 35*w**2 - 99*w + 14. What is m(-7)?
21
Let k(o) = 13*o + 617. Give k(-73).
-332
Let h(b) = 9*b**3 + 1234*b**2 + 128*b - 1246. What is h(-137)?
-13
Let a(h) = h**3 + 12*h**2 + 24*h - 6. Give a(-9).
21
Let r(m) = -6*m + 44. Determine r(19).
-70
Let s(j) = -2*j**2 + 77*j - 431. Give s(29).
120
Let k(x) = 8*x**3 + 5*x**2 + x + 1. Give k(-2).
-45
Let q(t) = -t**2 - 11*t + 161. Determine q(8).
9
Let o(k) = -2*k**3 + 46*k**2 + 46*k + 62. Determine o(24).
14
Let l(w) = 7*w**3 + 11*w**2 - 9*w + 35. What is l(4)?
623
Let z(d) = d**3 - 54*d**2 - 262*d - 34. Calculate z(-4).
86
Let p(m) = -m**3 - 29*m**2 + 118*m - 71. Determine p(-33).
391
Let u(v) = v**3 + 22*v**2 + 161*v + 831. What is u(-15)?
-9
Let w(p) = p**2 - 128*p + 2415. Give w(105).
0
Let s(x) = -4*x**3 + 2*x**2 + 6*x - 9. What is s(2)?
-21
Let y(i) = 5*i**2 + 9*i - 51. Give y(4).
65
Let c(z) = -z**3 + 50*z**2 + 172*z - 690. Calculate c(53).
-1
Let p(h) = 2139*h - 40631. Calculate p(19).
10
Let t(q) = q**3 - 12*q**2 + 22*q - 266. What is t(12)?
-2
Let u(x) = 595*x + 1808. Give u(-3).
23
Let z(l) = -2*l**3 + 9*l**2 + 34*l - 135. What is z(5)?
10
Let i(m) = m**2 - 26*m - 48. Give i(-2).
8
Let x(m) = -10*m**2 - 353*m - 3150. Determine x(-17).
-39
Let u(p) = -130*p + 1085. Give u(8).
45
Let i(q) = 17*q**2 + 118*q + 76. Calculate i(-5).
-89
Let m(n) = 3*n**2 - 39*n + 213. Determine m(5).
93
Let z(o) = -24*o**3 - 9*o**2 - 8*o + 7. Determine z(-1).
30
Let b(s) = 101*s + 4943. Calculate b(-49).
-6
Let m(l) = 2*l**2 + 94*l + 90. Calculate m(-46).
-2
Let o(m) = 4648*m + 13972. Calculate o(-3).
28
Let d(x) = 18*x + 1131. Determine d(-64).
-21
Let n(z) = 3*z**2 - 614*z - 5765. Determine n(-9).
4
Let u(d) = -92*d - 346. Determine u(-5).
114
Let q(o) = 105*o**3 - o**2 + 4*o + 5. Give q(-1).
-105
Let t(f) = 28*f + 672. What is t(-17)?
196
Let y(q) = -94*q - 283. What is y(-5)?
187
Let m(v) = v**3 + 63*v**2 - 337*v + 208. Give m(-68).
4
Let v(j) = -j**3 - 5*j**2 + 60*j + 167. Give v(7).
-1
Let d(b) = -63*b + 1276. Give d(20).
16
Let x(b) = 2*b**3 - b**2 - 23*b + 31. Give x(2).
-3
Let i(p) = 1101*p + 5492. Calculate i(-5).
-13
Let i(y) = -15*y**2 - 33*y + 26. Calculate i(1).
-22
Let q(y) = 18*y + 1170. Calculate q(-57).
144
Let d(q) = -5258*q + 15767. Calculate d(3).
-7
Let q(g) = 15*g - 126. What is q(10)?
24
Let g(j) = -j**3 + 25*j**2 - 52*j + 214. Calculate g(23).
76
Let d(p) = 4*p**3 + 2*p**2 - p + 8. What is d(0)?
8
Let x(i) = 175*i - 31646. What is x(181)?
29
Let f(p) = p**2 - 42*p + 469. Calculate f(20).
29
Let j(q) = q**2 - 47*q + 308. What is j(8)?
-4
Let d(l) = 3*l**2 - 25*l - 325. Calculate d(-11).
313
Let y(i) = i**2 - 97*i - 8835. Determine y(-56).
-267
Let f(c) = 32*c**2 - 84*c + 4. Calculate f(4).
180
Let p(u) = -102*u - 735. Determine p(-7).
-21
Let a(s) = -s - 80. Give a(16).
-96
Let a(b) = -5*b**2 - 134*b + 71. Calculate a(-27).
44
Let i(v) = 2*v**2 + 69*v - 6079. Determine i(-75).
-4
Let h(v) = v**3 + 14*v**2 - 92*v - 412. Give h(-18).
-52
Let m(p) = -2*p**3 + 25*p**2 - 298*p + 4042. Give m(13).
-1
Let b(r) = r**3 - 178*r**2 + 363*r - 1950. Determine b(176).
-14
Let n(j) = -j**2 + 186*j + 562. Calculate n(-3).
-5
Let f(d) = -2*d - 8. Determine f(-36).
64
Let i(r) = 6*r**2 